or of 12555 and 12390?
15
What is the highest common divisor of 64 and 1684288?
64
What is the highest common divisor of 6239 and 6973?
367
Calculate the greatest common divisor of 148 and 518074.
74
Calculate the highest common factor of 50 and 1043475.
25
What is the greatest common factor of 198420 and 240?
60
Calculate the highest common divisor of 118768 and 4888.
104
What is the greatest common factor of 138 and 6507321?
69
What is the highest common divisor of 146055 and 520?
65
Calculate the highest common divisor of 5408 and 1638.
26
What is the greatest common divisor of 6072 and 1044936?
552
Calculate the greatest common factor of 1934322 and 42.
6
What is the greatest common factor of 2175 and 13200?
75
Calculate the greatest common divisor of 17562 and 4.
2
Calculate the greatest common divisor of 2928 and 84.
12
What is the highest common factor of 3495 and 45930?
15
What is the highest common factor of 175 and 7925?
25
What is the highest common factor of 1230328 and 341?
341
Calculate the greatest common divisor of 190 and 2402132.
38
What is the highest common divisor of 25 and 449675?
25
What is the highest common divisor of 27553 and 3269?
467
Calculate the greatest common divisor of 60 and 581748.
12
What is the greatest common factor of 296823 and 1467?
489
What is the highest common divisor of 2620 and 320?
20
Calculate the highest common divisor of 324 and 100566.
18
Calculate the greatest common factor of 5190900 and 132.
132
Calculate the highest common divisor of 134222 and 22.
22
Calculate the greatest common factor of 1748 and 25384.
76
What is the highest common divisor of 1635 and 788615?
545
What is the highest common divisor of 461336 and 32?
8
What is the highest common factor of 858 and 154?
22
What is the highest common divisor of 3925 and 9734?
157
What is the greatest common divisor of 281580 and 40014?
1482
Calculate the highest common factor of 72 and 714192.
24
Calculate the highest common factor of 23607 and 8418.
183
Calculate the greatest common factor of 124 and 47678.
62
What is the highest common factor of 10 and 22070?
10
What is the greatest common factor of 188 and 12314?
94
What is the highest common divisor of 3520 and 550?
110
What is the greatest common factor of 86 and 1144660?
86
Calculate the highest common factor of 1 and 1047737.
1
Calculate the greatest common factor of 120006 and 6.
6
Calculate the greatest common factor of 20488 and 19109.
197
What is the highest common divisor of 13 and 1048177?
13
Calculate the greatest common factor of 364 and 42007.
7
Calculate the highest common divisor of 630 and 97230.
210
What is the highest common divisor of 25102 and 8932?
154
What is the greatest common factor of 45 and 1082145?
15
What is the greatest common factor of 115111 and 129?
43
Calculate the greatest common factor of 3127 and 11819.
53
Calculate the greatest common divisor of 8 and 46728.
8
What is the highest common factor of 2109 and 849224?
703
Calculate the highest common factor of 5028 and 732.
12
What is the greatest common factor of 570 and 1048650?
30
What is the greatest common divisor of 12720 and 45?
15
What is the highest common divisor of 1218 and 1526?
14
Calculate the highest common divisor of 112 and 52108.
28
What is the highest common divisor of 1994745 and 15?
15
What is the greatest common divisor of 11 and 472307?
11
What is the highest common divisor of 567 and 287?
7
Calculate the highest common divisor of 50935 and 334.
167
What is the highest common divisor of 3051 and 11865?
339
Calculate the highest common factor of 186070 and 2162.
46
Calculate the highest common divisor of 124250 and 400.
50
Calculate the greatest common divisor of 15947 and 81890.
431
What is the highest common factor of 637 and 62881?
91
What is the greatest common divisor of 1131 and 19488?
87
Calculate the highest common factor of 120 and 50772.
12
What is the greatest common divisor of 1276 and 3074?
58
What is the greatest common factor of 142 and 594696?
142
Calculate the greatest common factor of 132933 and 17520.
219
Calculate the greatest common divisor of 133 and 9253.
19
What is the highest common factor of 40 and 68010?
10
What is the greatest common divisor of 8 and 934?
2
What is the highest common factor of 81224 and 2134?
22
Calculate the highest common factor of 3051 and 206361.
27
What is the greatest common divisor of 23387 and 21074?
257
Calculate the greatest common factor of 50556 and 176.
44
What is the greatest common factor of 2455 and 11040?
5
What is the highest common divisor of 4470 and 750?
30
Calculate the highest common factor of 4944 and 144.
48
Calculate the greatest common factor of 51186 and 228.
114
Calculate the greatest common factor of 585372 and 9.
3
What is the greatest common divisor of 25 and 27725?
25
What is the greatest common factor of 88 and 574453?
11
Calculate the greatest common divisor of 15 and 3877305.
15
What is the highest common factor of 823620 and 42?
42
What is the greatest common factor of 6794 and 14378?
158
What is the highest common factor of 774 and 31089?
129
Calculate the highest common divisor of 851148 and 405.
81
What is the greatest common factor of 9299 and 119?
17
What is the highest common factor of 37836 and 207?
9
Calculate the greatest common divisor of 315758 and 222.
74
What is the highest common factor of 42306 and 5082?
66
What is the highest common factor of 3 and 2874?
3
What is the highest common divisor of 48354 and 30?
6
What is the highest common factor of 862337 and 14?
7
Calculate the greatest common divisor of 6172540 and 220.
220
Calculate the greatest common divisor of 149250 and 11925.
75
What is the highest common factor of 427 and 1783579?
427
What is the highest common divisor of 3 and 6373431?
3
What is the highest common divisor of 120512 and 47613?
269
Calculate the greatest common divisor of 185600 and 30.
10
Calculate the greatest common factor of 2240 and 837340.
140
Calculate the greatest common factor of 296 and 481074.
74
Calculate the greatest common divisor of 443813 and 694.
347
Calculate the greatest common factor of 10290083 and 107.
107
Calculate the greatest common factor of 2264 and 56883.
283
Calculate the highest common divisor of 427491 and 189.
27
What is the highest common divisor of 76114 and 114?
38
Calculate the highest common divisor of 12 and 286716.
12
Calculate the highest common factor of 675355 and 95.
95
Calculate the greatest common divisor of 320 and 157216.
32
Calculate the highest common divisor of 252 and 854154.
126
What is the greatest common divisor of 157140 and 13386?
582
What is the greatest common factor of 10011 and 188?
47
Calculate the greatest common factor of 128355 and 645.
645
Calculate the highest common factor of 3365 and 2912071.
673
Calculate the greatest common divisor of 16 and 249296.
16
What is the greatest common factor of 627 and 1353?
33
Calculate the greatest common divisor of 334800 and 60.
60
Calculate the highest common divisor of 11323 and 64727.
169
Calculate the highest common factor of 78 and 6618.
6
Calculate the greatest common factor of 56 and 28364.
28
What is the highest common divisor of 174 and 17736?
6
What is the greatest common factor of 31 and 1275929?
31
Calculate the highest common factor of 16883532 and 27.
27
What is the highest common divisor of 61416 and 8?
8
Calculate the greatest common divisor of 494 and 177346.
494
What is the highest common divisor of 10676 and 204?
68
What is the highest common factor of 102 and 28998?
6
Calculate the greatest common factor of 8512 and 147136.
1216
What is the greatest common divisor of 120 and 2374680?
120
What is the greatest common factor of 198728 and 12?
4
Calculate the highest common divisor of 184049 and 656.
41
Calculate the highest common factor of 1440 and 24720.
240
What is the greatest common factor of 118306 and 8?
2
What is the greatest common divisor of 1440 and 608130?
90
Calculate the greatest common divisor of 640 and 4040.
40
Calculate the greatest common factor of 861 and 39811.
41
Calculate the highest common factor of 228 and 17436.
12
Calculate the greatest common factor of 128516 and 38.
38
Calculate the highest common factor of 2827 a